
315
Calculate the remainder when 8555 is divided by 238.
225
Calculate the remainder when 96552 is divided by 5360.
72
What is the remainder when 310888 is divided by 161?
158
Calculate the remainder when 1733 is divided by 253.
215
What is the remainder when 54621 is divided by 54529?
92
Calculate the remainder when 5720 is divided by 1787.
359
What is the remainder when 394 is divided by 230?
164
Calculate the remainder when 18528 is divided by 1235.
3
What is the remainder when 858972 is divided by 881?
878
What is the remainder when 203487 is divided by 19?
16
Calculate the remainder when 1298 is divided by 640.
18
What is the remainder when 135758 is divided by 85?
13
What is the remainder when 2330 is divided by 708?
206
What is the remainder when 13640 is divided by 3405?
20
What is the remainder when 281067 is divided by 27?
24
What is the remainder when 20570 is divided by 7?
4
Calculate the remainder when 35598 is divided by 1197.
885
Calculate the remainder when 3141 is divided by 2156.
985
Calculate the remainder when 599574 is divided by 113.
109
What is the remainder when 4406 is divided by 550?
6
What is the remainder when 24381 is divided by 178?
173
Calculate the remainder when 106701 is divided by 26.
23
What is the remainder when 36352 is divided by 5189?
29
What is the remainder when 13399 is divided by 144?
7
What is the remainder when 4386 is divided by 1095?
6
What is the remainder when 751867 is divided by 161?
158
Calculate the remainder when 2701 is divided by 1345.
11
What is the remainder when 513 is divided by 149?
66
What is the remainder when 11358 is divided by 23?
19
Calculate the remainder when 190223 is divided by 24.
23
Calculate the remainder when 29880 is divided by 408.
96
What is the remainder when 4655 is divided by 818?
565
What is the remainder when 14585 is divided by 7285?
15
Calculate the remainder when 17450 is divided by 668.
82
What is the remainder when 19699 is divided by 25?
24
Calculate the remainder when 3533 is divided by 1029.
446
Calculate the remainder when 4974 is divided by 2433.
108
What is the remainder when 347 is divided by 22?
17
Calculate the remainder when 165983 is divided by 336.
335
Calculate the remainder when 247511 is divided by 19.
17
Calculate the remainder when 7049 is divided by 3523.
3
What is the remainder when 223 is divided by 34?
19
What is the remainder when 14869 is divided by 1173?
793
Calculate the remainder when 21446 is divided by 4286.
16
Calculate the remainder when 19515 is divided by 476.
475
Calculate the remainder when 2819 is divided by 55.
14
Calculate the remainder when 13783 is divided by 6889.
5
Calculate the remainder when 294796 is divided by 110.
106
Calculate the remainder when 92040 is divided by 9203.
10
What is the remainder when 10958 is divided by 2692?
190
What is the remainder when 190 is divided by 90?
10
What is the remainder when 4473 is divided by 365?
93
What is the remainder when 40451 is divided by 3?
2
Calculate the remainder when 46 is divided by 41.
5
What is the remainder when 1933 is divided by 577?
202
Calculate the remainder when 4562 is divided by 104.
90
Calculate the remainder when 16159 is divided by 20.
19
Calculate the remainder when 13866 is divided by 204.
198
What is the remainder when 1013 is divided by 35?
33
What is the remainder when 44865 is divided by 197?
146
Calculate the remainder when 2691 is divided by 1104.
483
Calculate the remainder when 34102 is divided by 168.
166
Calculate the remainder when 21142 is divided by 76.
14
Calculate the remainder when 393582 is divided by 174.
168
What is the remainder when 346874 is divided by 111?
110
Calculate the remainder when 15514 is divided by 431.
429
Calculate the remainder when 32734 is divided by 124.
122
What is the remainder when 40497 is divided by 122?
115
What is the remainder when 978167 is divided by 212?
211
What is the remainder when 101087 is divided by 26?
25
What is the remainder when 124117 is divided by 41371?
4
What is the remainder when 154460 is divided by 15?
5
Calculate the remainder when 973 is divided by 70.
63
What is the remainder when 9515 is divided by 24?
11
What is the remainder when 4616 is divided by 285?
56
Calculate the remainder when 2234 is divided by 68.
58
Calculate the remainder when 20229 is divided by 5034.
93
Calculate the remainder when 10183651 is divided by 4.
3
Calculate the remainder when 201751 is divided by 708.
679
Calculate the remainder when 17177 is divided by 3433.
12
Calculate the remainder when 3006 is divided by 980.
66
What is the remainder when 26424 is divided by 94?
10
Calculate the remainder when 146502 is divided by 25.
2
Calculate the remainder when 83415 is divided by 17.
13
Calculate the remainder when 820 is divided by 273.
1
Calculate the remainder when 28591 is divided by 440.
431
What is the remainder when 187249 is divided by 101?
96
What is the remainder when 197368 is divided by 135?
133
Calculate the remainder when 30215 is divided by 12.
11
What is the remainder when 29620 is divided by 75?
70
Calculate the remainder when 107369 is divided by 41.
31
What is the remainder when 125660 is divided by 83?
81
What is the remainder when 23050 is divided by 29?
24
Calculate the remainder when 4671045 is divided by 23.
21
What is the remainder when 4487 is divided by 116?
79
Calculate the remainder when 14218 is divided by 533.
360
What is the remainder when 56056 is divided by 96?
88
Calculate the remainder when 646 is divided by 119.
51
What is the remainder when 214098 is divided by 25?
23
What is the remainder when 3676 is divided by 602?
64
What is the remainder when 959 is divided by 316?
11
What is the remainder when 1911 is divided by 212?
3
What is the remainder when 469338 is divided by 117333?
6
What is the remainder when 4733 is divided by 12?
5
Calculate the remainder when 190031 is divided by 619.
617
Calculate the remainder when 339189 is divided by 72.
69
Calculate the remainder when 173204 is divided by 14431.
32
Calculate the remainder when 2771 is divided by 26.
15
What is the remainder when 150091 is divided by 628?
627
Calculate the remainder when 41464 is divided by 211.
108
Calculate the remainder when 2811 is divided by 60.
51
Calculate the remainder when 13411 is divided by 8.
3
Calculate the remainder when 26510 is divided by 402.
380
What is the remainder when 168789 is divided by 1206?
1155
What is the remainder when 3847 is divided by 386?
373
Calculate the remainder when 20061 is divided by 264.
261
Calculate the remainder when 7657 is divided by 2523.
88
Calculate the remainder when 1857 is divided by 61.
27
Calculate the remainder when 6129 is divided by 107.
30
Calculate the remainder when 400 is divided by 77.
15
What is the remainder when 268551 is divided by 30?
21
Calculate the remainder when 2833 is divided by 855.
268
Calculate the remainder when 11869 is divided by 1693.
18
What is the remainder when 9860 is divided by 907?
790
Calculate the remainder when 235746 is divided by 108.
90
What is the remainder when 119042 is divided by 17005?
7
Calculate the remainder when 24116 is divided by 29.
17
What is the remainder when 28438 is divided by 15?
13
Calculate the remainder when 1803779 is divided by 198.
197
What is the remainder when 5506 is divided by 80?
66
Calculate the remainder when 9423 is divided by 408.
39
What is the remainder when 4897 is divided by 1223?
5
What is the remainder when 32181 is divided by 15?
6
What is the remainder when 7461 is divided by 62?
21
Calculate the remainder when 609 is divided by 294.
21
What is the remainder when 152106 is divided by 8943?
75
What is the remainder when 128788 is divided by 15?
13
What is the remainder when 6339 is divided by 799?
746
Calculate the remainder when 2367790 is divided by 645.
640
What is the remainder when 3607 is divided by 1660?
287
Calculate the remainder when 16046 is divided by 1736.
422
What is the remainder when 444039 is divided by 17?
16
What is the remainder when 2299682 is divided by 43?
42
Calculate the remainder when 1612171 is divided by 298.
289
What is the remainder when 79705 is divided by 262?
57
What is the remainder when 59086 is divided by 190?
186
What is the 